t v(k) = 2*k**2 - k**2 - 4 + 7*k - 8*k. Calculate v(0).
-4
Let x(b) be the second derivative of -b**4/12 - b**3/2 - b**2/2 - 2*b. Give x(-2).
1
Suppose 17 = -2*h + 5. Let y(l) = -3*l**2 - 6*l + 2. Let j(x) = -13*x**2 - 24*x + 7. Let i(t) = -2*j(t) + 9*y(t). Calculate i(h).
4
Let u(w) = w - 6. Let a(f) = -2*f + 12. Let n(z) = -4*a(z) - 7*u(z). Give n(0).
-6
Let x(o) = o**3 + 3*o**2 + 2*o + 1. Let g(z) = z**3 + z - 3. Suppose 2*f + 2*n + 8 = 0, -3*f + 3*n = -7*f - 12. Let y be g(f). Give x(y).
-5
Suppose 4*p + 5*b - 13 = 0, 0 = p + 2*b + 2*b - 6. Let s(j) = j + 1. Determine s(p).
3
Let f(s) = -10*s + 9 + 2*s - 4. Let h(o) = -17*o + 11. Let q(k) = 13*f(k) - 6*h(k). Calculate q(-2).
3
Let q(j) = 2*j**2 - 2. Suppose 3*i - 12 + 0 = 0. Suppose -x + i - 6 = 0. Calculate q(x).
6
Let q = 8 + -5. Let u(d) be the first derivative of -d - 1 + 2*d**q - 2*d**2 - 1/4*d**4. Calculate u(5).
4
Let m(k) = -23*k - 22*k + 46*k + 9. Let s(x) = -x - 6. Let r(y) = -5*m(y) - 7*s(y). Determine r(2).
1
Suppose 0 = 5*m - 2*t - 53 + 20, 2*t - 2 = 0. Let s(j) = -j**2 + 8*j - 2. Determine s(m).
5
Suppose -5*i - 9 = -t, -1 = -2*t + 3*t + 5*i. Let u(m) = -m**2 + 8*m - 4. Calculate u(t).
12
Let w = 3 - 8. Let x(h) = -3*h**3 + 6*h**2 + 5*h + 1. Let a(r) = -2*r**2 - r**3 - r**2 + 3*r**2 + 1. Let l(c) = 4*a(c) - x(c). Determine l(w).
3
Let l(j) = j**2 - 2*j - 2. Let n(o) = -o**2 + 3*o + 3. Let y(d) = -4*l(d) - 3*n(d). Suppose 5*h - 4 = 16. Suppose 0 = -2*w + h*w. Calculate y(w).
-1
Let o(g) = -6 + 12*g**3 - 13*g**3 + g - g**2 + 4*g**2 + g. What is o(4)?
-14
Let q(g) = g**3 + 6*g**2 + 5. Suppose 0 = -7*x + 3*x + 28. Let p(k) = -k**3 + 6*k**2 + 6*k + 1. Let a be p(x). Let r be q(a). Let s(j) = -j + 6. Determine s(r).
1
Suppose 5*a = 5, -5*s - a + 6 = -4*s. Let l(h) = -6*h + s - 12 + 5 + h**2. Determine l(6).
-2
Let t(l) = 9 - l - l - 2*l + l. Calculate t(6).
-9
Let o(a) be the second derivative of a**3/2 + a**2/2 - 9*a. Give o(2).
7
Let x be 8/14*(8 + -1). Suppose x*c + c + p + 15 = 0, -5*c - 5*p = 15. Let g(k) = k**3 + 2*k**2 - 3*k - 4. What is g(c)?
-4
Let b(u) = 8*u - u**3 - 7*u + 0*u + u**2. Suppose -3*y - y = m - 2, -5*y - 5*m = -10. Give b(y).
0
Suppose 0 = -0*q + 3*q + 6. Let f be q + (1 - 1)/1. Let o(z) = z**2 - 1. Let j(n) = -n**2 + n + 1. Let x(g) = -j(g) + o(g). Give x(f).
8
Let a(l) = 4 + 5 + 1 - 2*l - 7. What is a(-3)?
9
Suppose -11 + 29 = -3*j. Let i be ((-6)/3 + 1)*-5. Let q(w) = -7 + i - w - 5. What is q(j)?
-1
Let b(c) be the first derivative of -c**2/2 - 2*c - 8. What is b(-7)?
5
Let x(n) = -n**2 - n + 1. Let d(c) = -c**2 - c + 1. Suppose -h - 7*l = -4*l - 14, 5*l = 3*h. Let q(w) = h*d(w) - 4*x(w). Calculate q(0).
1
Let v(q) = -3*q - 3. Let x = 12 + -9. Let b = 0 - x. Calculate v(b).
6
Let x = -17 - -24. Let n(j) = -j - 6. Let s(c) = 5 - c + 2*c + 0*c. Let l(d) = x*s(d) + 6*n(d). Give l(-2).
-3
Let i(q) = q**2 + q - 19. Let r be i(-5). Let x(v) = 4*v**3 - 1. Give x(r).
3
Let q(p) be the first derivative of p**4/4 - 8*p**3/3 + 7*p**2/2 - p - 2. Determine q(7).
-1
Let v(q) = q**3 + 5*q**2 + 4*q - 1. Let c = 23 - 26. Give v(c).
5
Let i(h) = h**2 + 2*h - 6. Suppose -3*a + 9 = -3*t, -a + 5*a + 5*t = 3. Suppose -g + b - 2 = 0, 2 = -a*g + 3*b - 3. Let c be g + 2 - (-18)/(-3). What is i(c)?
9
Let g(n) = -5*n**2 + 9*n - 9. Let q(c) = -3*c**2 + 6*c - 6. Let u(t) = 5*g(t) - 8*q(t). Calculate u(2).
-7
Let s = -8 - 0. Suppose -3*b + 2 + 7 = 0. Let p be s/b*6/4. Let w(m) = -m - 5. Give w(p).
-1
Let f(s) = s**2 + 5*s - 8. Let d = 27 + -33. Give f(d).
-2
Let q(f) = -f**2 - 2*f + 2. Let l(h) = h - 7. Let m be l(8). Suppose -a = m - 3. What is q(a)?
-6
Let k(o) be the first derivative of -2*o**3/3 + 3*o**2/2 + o - 31. Give k(3).
-8
Let v be (-78)/12 - (-12)/8. Let x(t) = -7*t**2 - 13*t + 9. Let n(k) = -3*k**2 - 6*k + 4. Let g(w) = 5*n(w) - 2*x(w). Calculate g(v).
-3
Let m = 0 - -4. Let n(h) = 2*h**2 + 2*h + 0*h**2 - 2 + 0*h - 6*h**2 + h**3. Give n(m).
6
Let i = -32 + 37. Let f(o) be the third derivative of 0*o - o**2 - 1/120*o**6 + 0 - 1/20*o**i + 1/6*o**4 + 0*o**3. Calculate f(-4).
0
Let f(j) be the second derivative of -j**7/840 - j**6/60 - j**5/20 - j**4/8 - j**3/2 + 4*j. Let x(g) be the second derivative of f(g). Determine x(-5).
2
Let o(q) be the first derivative of -q**2/2 + 7*q - 1. Let b = 3 - 4. Let k = b - -1. Give o(k).
7
Let d(p) = -10*p**3 - 2*p**2 - 5*p + 2. Let q(a) = -5*a**3 - a**2 - 2*a + 1. Let l(w) = -2*d(w) + 5*q(w). What is l(1)?
-5
Let c be ((-2)/(-5))/((-1)/(-15)). Let d(k) = -k**2 - 6*k - 4. Let u be d(-3). Let j(y) = y + 6*y - 4 - y**2 - u. Give j(c).
-3
Let j(m) = -3*m - 1. Suppose 0 = -y + 2 + 2. Suppose -y = u - 3. Calculate j(u).
2
Let u(s) = -4*s**3 + 6*s**2 + 5*s - 18. Let d(a) = -5*a**3 + 7*a**2 + 6*a - 19. Let o(z) = -5*d(z) + 6*u(z). Calculate o(0).
-13
Let l be 0/(-2) - (-4)/(-1). Let a be (-7)/(-9) + 2/9. Let m(v) = -a + 2 - 2*v + 3*v. Give m(l).
-3
Let l = -11 - -14. Let t(j) = j**2 - 4. Calculate t(l).
5
Let d(z) = z + 9. Let j = 2 - 7. Let u be -7 - j/(15/6). Calculate d(u).
4
Let d(l) = l**2 - 5*l - 4. Let n = -17 - -20. Suppose 0 = -5*r - u + 19, 0 = -0*u - 3*u - n. What is d(r)?
-8
Let z(c) = -7*c**2 + 4*c - 2. Let h be z(2). Let o be (-2)/4 - (-33)/h. Let u(r) = -r**3 + r**2 + r + 2. Calculate u(o).
12
Let i(b) = b**3 - 2*b**2 - 2*b + 3. Let q(n) = n**3 - 5*n**2 - 8*n - 3. Let k be q(6). Let x = -13 - k. Give i(x).
-1
Let z = 3 + -7. Let j(w) = 8*w**2 + 10*w - 4. Let d(f) = 7*f**2 + 9*f - 4. Let o(q) = -7*d(q) + 6*j(q). What is o(z)?
0
Suppose -4*f + 20 = 3*n - 2*n, -5*f = 5*n - 40. Let z(c) = -2*c + 4. Calculate z(n).
-4
Let r(n) = 1 + 0 + 6 + 2*n - 8. Give r(-4).
-9
Let v(x) be the third derivative of x**7/5040 - 13*x**6/720 + x**5/10 - 5*x**2. Let s(c) be the third derivative of v(c). Give s(6).
-7
Let h(f) = -f**3 - 2*f**2 + 3*f - 4. Suppose 0*v - 4*v - 36 = -5*b, 4*b - 28 = 3*v. Let l = v + 1. Calculate h(l).
-4
Let j(i) = -6*i**3 + 0*i + 17*i**2 + 3*i**3 + 9 + 3*i + 2*i. Let b(g) = -2*g**3 + 9*g**2 + 2*g + 5. Let f(m) = 5*b(m) - 3*j(m). Give f(-5).
-2
Suppose 3*t = 3 + 18. Let v(x) = x - 2. Let p be v(t). Let s(o) = -o**2 + 4*o - 3. Determine s(p).
-8
Suppose 2 + 2 = 2*h. Let n(a) = 1 - a - 17*a**2 + 15*a**h + 11*a**3 - 1. Calculate n(-1).
-12
Let z(w) be the second derivative of -w**4/12 - w**3/6 - 35*w. Give z(-3).
-6
Let m(q) be the first derivative of -1 + 2/3*q**3 + 4*q + 1/2*q**2 - 1/4*q**4. Suppose 0*k = k - r + 2, 0 = 2*k - r - 1. Give m(k).
-2
Let d(b) = -b. Let s = -3 - -4. Let i(j) = -j. Let k(o) = s*d(o) - 2*i(o). Determine k(4).
4
Let u(l) be the second derivative of 0 - 2*l + l**2 + 1/6*l**3. Suppose 7 = 3*d + 19. Calculate u(d).
-2
Let g(t) = -3*t**2 + 4*t - 3. Suppose -5*h = -6 - 4. Determine g(h).
-7
Let v(u) = 3*u - 4. Let q(j) = -4*j + 5. Let o(r) = -2*q(r) - 3*v(r). Determine o(2).
0
Let j(f) = f**2 + 15*f + 56. Let r be j(-9). Let w(b) = -4*b + 2. Determine w(r).
-6
Let k(z) be the first derivative of z**4/12 - z**3/2 - 2*z**2 + 2*z - 2. Let w(d) be the first derivative of k(d). Let j be (-18)/(-5) + 4/10. What is w(j)?
0
Suppose 0 = n + 4*n - 10. Let t(r) = -3*r**2 + 6*r - 3. Let s(y) = -2*y**2 + 4*y - 2. Let g(c) = 8*s(c) - 5*t(c). Calculate g(n).
-1
Let w be ((-4)/3)/(4/18). Let f(x) = x**3 + 7*x**2 + 4*x - 7. Determine f(w).
5
Suppose d = 5 - 3. Let r be 5*((-24)/15)/d. Let z(m) = -5*m + 1 - 3 + m**2 + 10*m. Give z(r).
-6
Let p(v) = v**2 + v + 48 - 88 + 5*v**3 + 41. Give p(-1).
-4
Let b = 4 - 1. Let r(i) = i + 2*i + 5*i**2 + 4 + i**b - 5. Give r(-4).
3
Let r(k) be the first derivative of -k**3/3 + 2*k**2 + k + 7. Give r(4).
1
Let o(s) = s**3 + 2*s**2 + 4*s + 3. Let r be 2/(-6)*12/(-2). Let i be ((-18)/(-6))/((-3)/r). Determine o(i).
-5
Let g(b) = 2*b**3 - 4*b**2 + 3*b - 1. Let h be g(2). Suppose -5 = n - 2*n. Let u(f) = -n*f - f**3 + 6*f**2 - 2 - 2 - 1. Give u(h).
-5
Let d(w) = -w**2 + 4*w. Let k(r) = -2*r + 20. Let a be k(8). What is d(a)?
0
Let p(z) = 7*z**2 + z - 9*z**2 - 4*z**2 - 5*z**2. Give p(1).
-10
Let t(v) = v**2 + 7*v - 6. Let f be 28/(-5) - (-22)/(-55). What is t(f)?
-12
Let q(a) = a**2 - a + 1. Let r(d) = -10*d**2 + 3*d - 2. Let k(g) = -3*q(g) - r(g). Let p be -6*1*3/(-9). Suppose p*i + 3*i = -5. Calculate k(i).
6
Suppose -w = -5*d - 23, -7*d + 2*w - 22 = -3*d. Let u(y) = -2*y + 2. Give u(d).
